{"id":129,"date":"2021-06-21T01:42:44","date_gmt":"2021-06-21T01:42:44","guid":{"rendered":"https:\/\/daswellmachinery.id\/indonesian\/?page_id=129"},"modified":"2023-01-18T03:38:07","modified_gmt":"2023-01-18T03:38:07","slug":"hubungi-kami","status":"publish","type":"page","link":"https:\/\/daswellmachinery.id\/indonesian\/hubungi-kami\/","title":{"rendered":"Hubungi kami"},"content":{"rendered":"<p>Nomor telepon: (+62) 812 8920 5587<\/p>\n<p>Nomor Whatsapp: (+62) 812 8920 5587<\/p>\n<p>Surel: <a href=\"mailto:sales@daswellmachinery.id\">sales@daswellmachinery.id<\/a><\/p>\n<h3>Perusahaan utama<\/h3>\n<p><strong>Henan Daswell Machinery Co., LTD.<\/strong><\/p>\n<p>No. 2 CBD, Zhengdong New Distric, Zhengzhou City, China<\/p>\n<h3>Branch Office<\/h3>\n<p><strong>PT. Daswell Indonesia Group:<\/strong><\/p>\n<p>Komplek Pergudangan Green Sedayu Biz Park Cakung Blok GS 9 No. 35, Kel. Cakung Timur, Kec. Cakung, Jakarta Timur 13910.<\/p>\n<p><strong>Henan Daswell Machinery (Philippines) INC.<\/strong><\/p>\n<p>Warehouse address:\u00a0Phase 6 BS 12A Lot 9 Brookeside Lane Brgy. San Francisco, along Arnaldo Highway, General Trias, Cavite, Philippines<\/p>\n<p>Office address:\u00a0Unit 1&amp;2, Block 3, Lot 28, Capitoline Hills, BF Rosort Village, Talon 2, Las Pinas City, Metro Manila, Philippines<\/p>\n<p><strong>Daswell Machinery (Egypt) Co., LTD.<\/strong><\/p>\n<p>No. 7127 EI Merag City, Madii, Cairo, Egypt.<\/p>\n<p><strong>Vietnam Office:<\/strong><\/p>\n<p>(L\u1ea7u 4) To\u00e0 nh\u00e0 Cholimex, 1368 \u0110\u01b0\u1eddng V\u00f5 V\u0103n Ki\u1ec7t Ph\u01b0\u1eddng 13, Qu\u1eadn 5, TP.H\u1ed3 Ch\u00ed Minh, Vi\u1ec7t Nam<\/p>\n<p><strong>India Representative Address:<\/strong><\/p>\n<p>No.6, Sy.No 256\/3, 9th C Cross, Sankalpa Layout Phase \u2013 IV, Kanakagiri 2nd Stage, Kalkere Village, Bangalore \u2013 560043 India<\/p>\n\n<div class=\"wpcf7 no-js\" id=\"wpcf7-f8-o1\" lang=\"en-US\" dir=\"ltr\" data-wpcf7-id=\"8\">\n<div class=\"screen-reader-response\"><p role=\"status\" aria-live=\"polite\" aria-atomic=\"true\"><\/p> <ul><\/ul><\/div>\n<form action=\"\/indonesian\/wp-json\/wp\/v2\/pages\/129#wpcf7-f8-o1\" method=\"post\" class=\"wpcf7-form init\" aria-label=\"Contact form\" novalidate=\"novalidate\" data-status=\"init\">\n<fieldset class=\"hidden-fields-container\"><input type=\"hidden\" name=\"_wpcf7\" value=\"8\" \/><input type=\"hidden\" name=\"_wpcf7_version\" value=\"6.1.5\" \/><input type=\"hidden\" name=\"_wpcf7_locale\" value=\"en_US\" \/><input type=\"hidden\" name=\"_wpcf7_unit_tag\" value=\"wpcf7-f8-o1\" \/><input type=\"hidden\" name=\"_wpcf7_container_post\" value=\"0\" \/><input type=\"hidden\" name=\"_wpcf7_posted_data_hash\" value=\"\" \/><input type=\"hidden\" name=\"_wpcf7cf_hidden_group_fields\" value=\"[]\" \/><input type=\"hidden\" name=\"_wpcf7cf_hidden_groups\" value=\"[]\" \/><input type=\"hidden\" name=\"_wpcf7cf_visible_groups\" value=\"[]\" \/><input type=\"hidden\" name=\"_wpcf7cf_repeaters\" value=\"[]\" \/><input type=\"hidden\" name=\"_wpcf7cf_steps\" value=\"{}\" \/><input type=\"hidden\" name=\"_wpcf7cf_options\" value=\"{&quot;form_id&quot;:8,&quot;conditions&quot;:[],&quot;settings&quot;:{&quot;animation&quot;:&quot;yes&quot;,&quot;animation_intime&quot;:200,&quot;animation_outtime&quot;:200,&quot;conditions_ui&quot;:&quot;normal&quot;,&quot;notice_dismissed&quot;:false}}\" \/>\n<\/fieldset>\n<div class=\"leave-message-blockall\">\n\t<div class=\"leave-message-block\">\n\t\t<div class=\"leave-top\">\n\t\t\t<p>Jangan ragu untuk memberikan pertanyaan Anda dalam formulir di bawah ini. Kami akan membalas dalam 24 jam.\n\t\t\t<\/p>\n\t\t<\/div>\n\t\t<div class=\"leave-model\">\n\t\t\t<div class=\"leave-model-t\">\n\t\t\t\t<p>model produk:\n\t\t\t\t<\/p>\n\t\t\t<\/div>\n\t\t\t<p><span class=\"wpcf7-form-control-wrap\" data-name=\"item\"><input size=\"40\" maxlength=\"400\" class=\"wpcf7-form-control wpcf7-text\" id=\"item\" aria-invalid=\"false\" value=\"\" type=\"text\" name=\"item\" \/><\/span>\n\t\t\t<\/p>\n\t\t<\/div>\n\t\t<div class=\"leave-name\">\n\t\t\t<div class=\"leave-name-t\">\n\t\t\t\t<p>Nama (dibutuhkan):\n\t\t\t\t<\/p>\n\t\t\t<\/div>\n\t\t\t<p><span class=\"wpcf7-form-control-wrap\" data-name=\"your-name\"><input size=\"40\" maxlength=\"400\" class=\"wpcf7-form-control wpcf7-text wpcf7-validates-as-required\" aria-required=\"true\" aria-invalid=\"false\" value=\"\" type=\"text\" name=\"your-name\" \/><\/span>\n\t\t\t<\/p>\n\t\t<\/div>\n\t\t<div class=\"leave-email\">\n\t\t\t<div class=\"leave-email-t\">\n\t\t\t\t<p>Email Anda:\n\t\t\t\t<\/p>\n\t\t\t<\/div>\n\t\t\t<p><span class=\"wpcf7-form-control-wrap\" data-name=\"your-email\"><input size=\"40\" maxlength=\"400\" class=\"wpcf7-form-control wpcf7-email wpcf7-text wpcf7-validates-as-email\" aria-invalid=\"false\" value=\"\" type=\"email\" name=\"your-email\" \/><\/span>\n\t\t\t<\/p>\n\t\t<\/div>\n\t\t<div class=\"leave-tel\">\n\t\t\t<div class=\"leave-tel-t\">\n\t\t\t\t<p>Your Tel(dibutuhkan):\n\t\t\t\t<\/p>\n\t\t\t<\/div>\n\t\t\t<p><span class=\"wpcf7-form-control-wrap\" data-name=\"your-tel\"><input size=\"40\" maxlength=\"400\" class=\"wpcf7-form-control wpcf7-tel wpcf7-validates-as-required wpcf7-text wpcf7-validates-as-tel\" aria-required=\"true\" aria-invalid=\"false\" value=\"\" type=\"tel\" name=\"your-tel\" \/><\/span>\n\t\t\t<\/p>\n\t\t<\/div>\n\t\t<div class=\"leave-your-country\">\n\t\t\t<div class=\"leave-your-country-t\">\n\t\t\t\t<p>Negaramu:\n\t\t\t\t<\/p>\n\t\t\t<\/div>\n\t\t\t<p><span class=\"wpcf7-form-control-wrap\" data-name=\"your-country\"><input size=\"40\" maxlength=\"400\" class=\"wpcf7-form-control wpcf7-text\" aria-invalid=\"false\" value=\"\" type=\"text\" name=\"your-country\" \/><\/span>\n\t\t\t<\/p>\n\t\t<\/div>\n\t\t<div class=\"leave-company\">\n\t\t\t<div class=\"leave-company-t\">\n\t\t\t\t<p>Perusahaan Anda:\n\t\t\t\t<\/p>\n\t\t\t<\/div>\n\t\t\t<p><span class=\"wpcf7-form-control-wrap\" data-name=\"your-company\"><input size=\"40\" maxlength=\"400\" class=\"wpcf7-form-control wpcf7-text\" aria-invalid=\"false\" value=\"\" type=\"text\" name=\"your-company\" \/><\/span>\n\t\t\t<\/p>\n\t\t<\/div>\n\t\t<div class=\"leave-require\">\n\t\t\t<div class=\"leave-require-t\">\n\t\t\t\t<p>Pesanmu(dibutuhkan):\n\t\t\t\t<\/p>\n\t\t\t<\/div>\n\t\t\t<p><span class=\"wpcf7-form-control-wrap\" data-name=\"your-message\"><textarea cols=\"40\" rows=\"10\" maxlength=\"2000\" class=\"wpcf7-form-control wpcf7-textarea wpcf7-validates-as-required\" aria-required=\"true\" aria-invalid=\"false\" placeholder=\"Tips: Tipe, kapasitas, berapa set, moda transportasi, moda transportasi, peralatan bantu lainnya, dll\" name=\"your-message\"><\/textarea><\/span>\n\t\t\t<\/p>\n\t\t<\/div>\n\t\t<div class=\"leave-Send\">\n\t\t\t<p><input class=\"wpcf7-form-control wpcf7-submit has-spinner\" type=\"submit\" value=\"Kirim\" \/>\n\t\t\t<\/p>\n\t\t<\/div>\n\t<\/div>\n<\/div><div class=\"wpcf7-response-output\" aria-hidden=\"true\"><\/div>\n<\/form>\n<\/div>\n\n","protected":false},"excerpt":{"rendered":"<p>Nomor telepon: (+62) 812 8920 5587 Nomor Whatsapp: (+62) 812 8920 5587 Surel: sales@daswellmachinery.id Perusahaan utama Henan Daswell Machinery Co., LTD. No. 2 CBD, Zhengdong New Distric, Zhengzhou City, China Branch Office PT. Daswell Indonesia Group: Komplek Pergudangan Green Sedayu Biz Park Cakung Blok GS 9 No. 35, Kel. Cakung Timur, Kec. Cakung, Jakarta Timur &#8230; <a title=\"Hubungi kami\" class=\"read-more\" href=\"https:\/\/daswellmachinery.id\/indonesian\/hubungi-kami\/\" aria-label=\"More on Hubungi kami\">Read more<\/a><\/p>\n","protected":false},"author":1,"featured_media":0,"parent":0,"menu_order":0,"comment_status":"closed","ping_status":"closed","template":"","meta":{"generate_page_header":"","footnotes":""},"class_list":["post-129","page","type-page","status-publish"],"yoast_head":"<!-- This site is optimized with the Yoast SEO plugin v27.3 - https:\/\/yoast.com\/product\/yoast-seo-wordpress\/ -->\n<title>Mesin Konstruksi Beton Daswell di Indonesia<\/title>\n<meta name=\"description\" content=\"Mesin Daswell adalah produsen dan pemasok peralatan konstruksi profesional di Indonesia, kami menetapkan cabang dan gudang untuk melayani klien kami di Indonesia dengan lebih baik.\" \/>\n<meta name=\"robots\" content=\"index, follow, max-snippet:-1, max-image-preview:large, max-video-preview:-1\" \/>\n<link rel=\"canonical\" href=\"https:\/\/daswellmachinery.id\/indonesian\/hubungi-kami\/\" \/>\n<meta property=\"og:locale\" content=\"en_US\" \/>\n<meta property=\"og:type\" content=\"article\" \/>\n<meta property=\"og:title\" content=\"Mesin Konstruksi Beton Daswell di Indonesia\" \/>\n<meta property=\"og:description\" content=\"Mesin Daswell adalah produsen dan pemasok peralatan konstruksi profesional di Indonesia, kami menetapkan cabang dan gudang untuk melayani klien kami di Indonesia dengan lebih baik.\" \/>\n<meta property=\"og:url\" content=\"https:\/\/daswellmachinery.id\/indonesian\/hubungi-kami\/\" \/>\n<meta property=\"og:site_name\" content=\"PT Daswell Machinery Indonesia\" \/>\n<meta property=\"article:modified_time\" content=\"2023-01-18T03:38:07+00:00\" \/>\n<meta name=\"twitter:card\" content=\"summary_large_image\" \/>\n<meta name=\"twitter:label1\" content=\"Est. reading time\" \/>\n\t<meta name=\"twitter:data1\" content=\"1 minute\" \/>\n<script type=\"application\/ld+json\" class=\"yoast-schema-graph\">{\"@context\":\"https:\\\/\\\/schema.org\",\"@graph\":[{\"@type\":\"WebPage\",\"@id\":\"https:\\\/\\\/daswellmachinery.id\\\/indonesian\\\/hubungi-kami\\\/\",\"url\":\"https:\\\/\\\/daswellmachinery.id\\\/indonesian\\\/hubungi-kami\\\/\",\"name\":\"Mesin Konstruksi Beton Daswell di Indonesia\",\"isPartOf\":{\"@id\":\"https:\\\/\\\/daswellmachinery.id\\\/indonesian\\\/#website\"},\"datePublished\":\"2021-06-21T01:42:44+00:00\",\"dateModified\":\"2023-01-18T03:38:07+00:00\",\"description\":\"Mesin Daswell adalah produsen dan pemasok peralatan konstruksi profesional di Indonesia, kami menetapkan cabang dan gudang untuk melayani klien kami di Indonesia dengan lebih baik.\",\"breadcrumb\":{\"@id\":\"https:\\\/\\\/daswellmachinery.id\\\/indonesian\\\/hubungi-kami\\\/#breadcrumb\"},\"inLanguage\":\"en-US\",\"potentialAction\":[{\"@type\":\"ReadAction\",\"target\":[\"https:\\\/\\\/daswellmachinery.id\\\/indonesian\\\/hubungi-kami\\\/\"]}]},{\"@type\":\"BreadcrumbList\",\"@id\":\"https:\\\/\\\/daswellmachinery.id\\\/indonesian\\\/hubungi-kami\\\/#breadcrumb\",\"itemListElement\":[{\"@type\":\"ListItem\",\"position\":1,\"name\":\"Home\",\"item\":\"https:\\\/\\\/daswellmachinery.id\\\/indonesian\\\/\"},{\"@type\":\"ListItem\",\"position\":2,\"name\":\"Hubungi kami\"}]},{\"@type\":\"WebSite\",\"@id\":\"https:\\\/\\\/daswellmachinery.id\\\/indonesian\\\/#website\",\"url\":\"https:\\\/\\\/daswellmachinery.id\\\/indonesian\\\/\",\"name\":\"PT Daswell Machinery Indonesia\",\"description\":\"PT Daswell Machinery Indonesia\",\"publisher\":{\"@id\":\"https:\\\/\\\/daswellmachinery.id\\\/indonesian\\\/#organization\"},\"potentialAction\":[{\"@type\":\"SearchAction\",\"target\":{\"@type\":\"EntryPoint\",\"urlTemplate\":\"https:\\\/\\\/daswellmachinery.id\\\/indonesian\\\/?s={search_term_string}\"},\"query-input\":{\"@type\":\"PropertyValueSpecification\",\"valueRequired\":true,\"valueName\":\"search_term_string\"}}],\"inLanguage\":\"en-US\"},{\"@type\":\"Organization\",\"@id\":\"https:\\\/\\\/daswellmachinery.id\\\/indonesian\\\/#organization\",\"name\":\"PT Daswell Machinery Indonesia\",\"url\":\"https:\\\/\\\/daswellmachinery.id\\\/indonesian\\\/\",\"logo\":{\"@type\":\"ImageObject\",\"inLanguage\":\"en-US\",\"@id\":\"https:\\\/\\\/daswellmachinery.id\\\/indonesian\\\/#\\\/schema\\\/logo\\\/image\\\/\",\"url\":\"https:\\\/\\\/daswellmachinery.id\\\/indonesian\\\/wp-content\\\/uploads\\\/2022\\\/03\\\/cropped-new-banner.png\",\"contentUrl\":\"https:\\\/\\\/daswellmachinery.id\\\/indonesian\\\/wp-content\\\/uploads\\\/2022\\\/03\\\/cropped-new-banner.png\",\"width\":410,\"height\":82,\"caption\":\"PT Daswell Machinery Indonesia\"},\"image\":{\"@id\":\"https:\\\/\\\/daswellmachinery.id\\\/indonesian\\\/#\\\/schema\\\/logo\\\/image\\\/\"}}]}<\/script>\n<!-- \/ Yoast SEO plugin. -->","yoast_head_json":{"title":"Mesin Konstruksi Beton Daswell di Indonesia","description":"Mesin Daswell adalah produsen dan pemasok peralatan konstruksi profesional di Indonesia, kami menetapkan cabang dan gudang untuk melayani klien kami di Indonesia dengan lebih baik.","robots":{"index":"index","follow":"follow","max-snippet":"max-snippet:-1","max-image-preview":"max-image-preview:large","max-video-preview":"max-video-preview:-1"},"canonical":"https:\/\/daswellmachinery.id\/indonesian\/hubungi-kami\/","og_locale":"en_US","og_type":"article","og_title":"Mesin Konstruksi Beton Daswell di Indonesia","og_description":"Mesin Daswell adalah produsen dan pemasok peralatan konstruksi profesional di Indonesia, kami menetapkan cabang dan gudang untuk melayani klien kami di Indonesia dengan lebih baik.","og_url":"https:\/\/daswellmachinery.id\/indonesian\/hubungi-kami\/","og_site_name":"PT Daswell Machinery Indonesia","article_modified_time":"2023-01-18T03:38:07+00:00","twitter_card":"summary_large_image","twitter_misc":{"Est. reading time":"1 minute"},"schema":{"@context":"https:\/\/schema.org","@graph":[{"@type":"WebPage","@id":"https:\/\/daswellmachinery.id\/indonesian\/hubungi-kami\/","url":"https:\/\/daswellmachinery.id\/indonesian\/hubungi-kami\/","name":"Mesin Konstruksi Beton Daswell di Indonesia","isPartOf":{"@id":"https:\/\/daswellmachinery.id\/indonesian\/#website"},"datePublished":"2021-06-21T01:42:44+00:00","dateModified":"2023-01-18T03:38:07+00:00","description":"Mesin Daswell adalah produsen dan pemasok peralatan konstruksi profesional di Indonesia, kami menetapkan cabang dan gudang untuk melayani klien kami di Indonesia dengan lebih baik.","breadcrumb":{"@id":"https:\/\/daswellmachinery.id\/indonesian\/hubungi-kami\/#breadcrumb"},"inLanguage":"en-US","potentialAction":[{"@type":"ReadAction","target":["https:\/\/daswellmachinery.id\/indonesian\/hubungi-kami\/"]}]},{"@type":"BreadcrumbList","@id":"https:\/\/daswellmachinery.id\/indonesian\/hubungi-kami\/#breadcrumb","itemListElement":[{"@type":"ListItem","position":1,"name":"Home","item":"https:\/\/daswellmachinery.id\/indonesian\/"},{"@type":"ListItem","position":2,"name":"Hubungi kami"}]},{"@type":"WebSite","@id":"https:\/\/daswellmachinery.id\/indonesian\/#website","url":"https:\/\/daswellmachinery.id\/indonesian\/","name":"PT Daswell Machinery Indonesia","description":"PT Daswell Machinery Indonesia","publisher":{"@id":"https:\/\/daswellmachinery.id\/indonesian\/#organization"},"potentialAction":[{"@type":"SearchAction","target":{"@type":"EntryPoint","urlTemplate":"https:\/\/daswellmachinery.id\/indonesian\/?s={search_term_string}"},"query-input":{"@type":"PropertyValueSpecification","valueRequired":true,"valueName":"search_term_string"}}],"inLanguage":"en-US"},{"@type":"Organization","@id":"https:\/\/daswellmachinery.id\/indonesian\/#organization","name":"PT Daswell Machinery Indonesia","url":"https:\/\/daswellmachinery.id\/indonesian\/","logo":{"@type":"ImageObject","inLanguage":"en-US","@id":"https:\/\/daswellmachinery.id\/indonesian\/#\/schema\/logo\/image\/","url":"https:\/\/daswellmachinery.id\/indonesian\/wp-content\/uploads\/2022\/03\/cropped-new-banner.png","contentUrl":"https:\/\/daswellmachinery.id\/indonesian\/wp-content\/uploads\/2022\/03\/cropped-new-banner.png","width":410,"height":82,"caption":"PT Daswell Machinery Indonesia"},"image":{"@id":"https:\/\/daswellmachinery.id\/indonesian\/#\/schema\/logo\/image\/"}}]}},"_links":{"self":[{"href":"https:\/\/daswellmachinery.id\/indonesian\/wp-json\/wp\/v2\/pages\/129","targetHints":{"allow":["GET"]}}],"collection":[{"href":"https:\/\/daswellmachinery.id\/indonesian\/wp-json\/wp\/v2\/pages"}],"about":[{"href":"https:\/\/daswellmachinery.id\/indonesian\/wp-json\/wp\/v2\/types\/page"}],"author":[{"embeddable":true,"href":"https:\/\/daswellmachinery.id\/indonesian\/wp-json\/wp\/v2\/users\/1"}],"replies":[{"embeddable":true,"href":"https:\/\/daswellmachinery.id\/indonesian\/wp-json\/wp\/v2\/comments?post=129"}],"version-history":[{"count":5,"href":"https:\/\/daswellmachinery.id\/indonesian\/wp-json\/wp\/v2\/pages\/129\/revisions"}],"predecessor-version":[{"id":1197,"href":"https:\/\/daswellmachinery.id\/indonesian\/wp-json\/wp\/v2\/pages\/129\/revisions\/1197"}],"wp:attachment":[{"href":"https:\/\/daswellmachinery.id\/indonesian\/wp-json\/wp\/v2\/media?parent=129"}],"curies":[{"name":"wp","href":"https:\/\/api.w.org\/{rel}","templated":true}]}}